5) - -1)?
3
Evaluate -5 + -45 + (20 - -4).
-26
Evaluate 20 - (11 + (-5 - -10)).
4
What is the value of 11 - (0 + 6 + (10 - 27))?
22
Calculate 3 - (12 + -3) - (10 - (1 + 0)).
-15
(-2 - 1) + (-16 - -39 - 16 - 27)
-23
Calculate (0 - -3) + -5 - 10 - (19 - 19).
-12
What is the value of 15 - (-13 + 16 + -4 + (-4 - -5))?
15
Evaluate -1 + (5 - 1 - 2) + -2 + -3.
-4
What is 1 - (-5 - (8 + -16))?
-2
What is the value of 19 + -12 - (4 + -7 + 19)?
-9
Evaluate 9 - 0 - (1065 + -1038).
-18
Calculate -46 - (-12 - (0 - -9)).
-25
What is the value of (-12 - (16 - -7)) + -2 - -3?
-34
0 - -13 - (-70 + 84)
-1
What is -26 - (24 - (69 - 29))?
-10
Calculate (-2 + -8 + -1 - -2) + (28 - 33).
-14
-5 - (4 + 15 - (-3 + 8 + 3))
-16
Calculate -18 + 17 + 19 + -6.
12
3 - (9 + (1 + 0 - (-15 - -17)))
-5
Calculate (1 - -11) + 1784 + -1821.
-25
-6 + 11 + -35 + 68
38
10 + 8 + -49 - (14 + -19)
-26
Calculate -9 - (1 + 4 + -9 + -4) - 9.
-10
Evaluate -5 - -18 - (1 - -13).
-1
What is 129 + -131 - (-1 + 18)?
-19
What is the value of -61 + 36 + 6 + -2 + -3 + 8?
-16
What is the value of -7 + (35 - 16) + 12?
24
Calculate 2 - -13 - -3 - (6 - (-3 - -2)).
11
Evaluate 11 + -2 + -6 + (-4 - 10).
-11
Calculate 9 + 0 + 1 + -6 + -15.
-11
Calculate 394 + -386 - (30 - 1).
-21
What is -3 + (0 - -9) - (9 - 3)?
0
-16 + (-15 - (-66 - (9 - 21)))
23
What is the value of -25 + (40 - 5) + -30?
-20
Evaluate (-3 - -17 - (35 - 26)) + 7.
12
Calculate (18 + 23 - 52) + (-1 - -3) + -12.
-21
Calculate 1 + 18 + (201 - 218).
2
What is 1 + 0 - (-5 + -2 + 6)?
2
-65 + 76 + (-1 - (2 + 2))
6
What is 27 - (20 - -8 - -8)?
-9
Calculate 8 + 0 - (5 + -1 + 4).
0
Calculate 233 - 240 - (7 + -1 + 2).
-15
What is 41 - 68 - (-9 - 7)?
-11
What is the value of (-7 - 1) + (-77 - -78) + -1 + 3?
-5
What is (10 - (0 - 0)) + (-3 - (-21 - -17))?
11
What is the value of 4 + 11 + -4 + 53 + -68?
-4
Calculate (1548 - 1552) + (2 - 2 - (1 - -1)).
-6
What is (3 + -13 - 1 - -5) + 42?
36
What is the value of -68 + 52 + 0 + 29?
13
What is the value of 20 + (-2 - -2) + (457 - 460)?
17
10 + -1 + (8 - (10 + 1))
6
Calculate -2 - (-23 - (4 - 1 - (-29 - -38))).
15
What is 24 + 4 - (-47 + 62)?
13
0 - (-26 - (17 + -23))
20
What is the value of 8 - (53 + -30 + -2 + -9)?
-4
-1 - 12 - (-22 + -4)
13
(2 - 11) + (16 - -3) + 15
25
5 - (-11 + 7 - -14) - 29
-34
What is the value of 7 + -56 - -21 - ((-1 - -4) + -10)?
-21
What is (-2 - -8) + -6 + (-7 - (-5 + 4))?
-6
(-1 - 3) + 5 + (214 - 196)
19
What is (8 - 4) + -10 + -8 + 6?
-8
What is -3 - (8 + 10 + -13)?
-8
7 + -16 + 2 + (31 - -4) + -7
21
What is the value of (-25 - (-13 - -7)) + 7?
-12
Calculate 4 - (31 - (9 - ((9 - 6) + -1))).
-20
Calculate 1 + (-4 - 2 - 0) - -2.
-3
What is the value of 12 + (17 - 34) + -10?
-15
What is -4 - (-9 + -7) - (-7 - 9)?
28
28 + -32 + (2 - 0 - -3)
1
What is (-7 - -14) + -34 + 18?
-9
What is 0 + -4 - (-16 + 16) - (8 + -18)?
6
What is -11 - -12 - 17 - -20?
4
Calculate (4 - 1) + -12 + (-2 - -18).
7
What is the value of 14 + -15 + 5 + 5 - (-17 - -3)?
23
What is 0 - (-1 - 8 - -19) - -4?
-6
Calculate (0 - 2 - 1) + 0 + -61 + 56.
-8
5 + (-6 - -15 - 0)
14
What is the value of -19 - (5 - 27 - -13)?
-10
Evaluate (15 - (8 - 6) - 4) + 6.
15
18 + (-9 - 1 - (-123 - -124))
7
Calculate -6 - (-16 + 4 + 15).
-9
Evaluate -3 - -16 - ((2 - (-2 - 6)) + -5).
8
Evaluate -9 - (-10 + -10 + -23).
34
What is the value of 3 + 167 + -183 + 20 + -1?
6
(-11 - -13 - 1) + -8
-7
What is (3 + (0 - -3) - 2 - 7) + 13?
10
1 + (-3 - (2 + 0)) - (-168 + 171)
-7
What is (-35 - -33 - -25) + 6?
29
30 + 10 + -32 - (-2 + -8)
18
(1 - 39) + 31 + 8
1
Calculate (3 + 21 - 21) + -7.
-4
What is (0 - 6) + -15 + 13?
-8
Calculate -6 - 2 - (-9 + 3) - 4.
-6
Calculate 6 + (-1 - 0) + 5 + -11 + -8.
-9
What is -11 + 1 + 8 - 2?
-4
Calculate 1 + -15 + (-89 - -98) + -13 + -1.
-19
Evaluate (12 - 4) + -11 + 20.
17
(22 - 39) + (-38 - -46)
-9
What is -2 + 2 + (-8 - -2) + 9?
3
Evaluate -3 + 4 + -8 + -31 + 14.
-24
-6 + (4 - (-3 - -15 - 8))
-6
Evaluate 0 + 5 + -3 - (3 - -1 - 2).
0
Calculate -8 + 14 + 8 + -23.
-9
What is -57 + 52 + -2 + 12?
5
What is 0 - 1 - (-21 + -13 + 45)?
-12
33 - (9 - (12 + -17) - 10)
29
Calculate (7 - (7 - (11 + -18 - -14))) + -39.
-32
(2 - (2 + 8)) + 29 + -24
-3
Evaluate (9 - (10 + (5 + -18 - -6))) + -7.
-1
-3 + -4 + -4 + (17 - 7)
-1
(-3 + 8 - 11 - 4 - 2) + 8
-4
7 - (-7 - (-10 + -8 + 1))
-3
What is (-14 - (-24 + 8)) + 10 + (-2 - -2)?
12
Evaluate -9 - -30 - ((4 - 2) + 3).
16
Calculate (-7 - -7 - -3) + -18 + 0 - -4.
-11
What is the value of 5 - ((-3 + 3 - -2) + 3)?
0
Calculate 51 + -32 + (3 + -7 - 3).
12
Calculate -79 - -91 - (0 - -11).
1
What is the value of -189 + 197 - (0 - -1 - 3 - 7)?
17
What is -10 - ((-8 - -8) + 7 + 1) - 2?
-20
Calculate -10 + (3 - (-2 - -6) - (11 - 8)).
-14
1 + 12 - (103 + -82)
-8
What is -11 - (-13 + 24 - (-8 + 9))?
-21
Evaluate -1 - 6 - (-20 - (12 + -37)).
-12
What is the value of 17 - ((22 - 2) + -9)?
6
Evaluate (14 - (15 + -13 + 5)) + 6.
13
What is -16 - ((-14 - -19) + -16)?
-5
-18 + (16 - 1) - 10
-13
Calculate -14 - (22 + 5 + (-5 - 12)).
-24
Evaluate 15 + -20 + 14 + -8 + -6.
-5
Calculate 7 - 9 - (29 - (20 + -11 - -1)).
-21
Calculate -33 + 26 + -22 + 63.
34
Evaluate 3 + 2 + -8 + (-5 - -19 - -9).
20
Calculate (-19 + 9 - -15) + 1 + 5.
11
Evaluate (-2 - -13) + 6 - 5 - 2.
10
What is -12 - -30 - (-13 - -1)?
30
Calculate 3 + 12 + -8 + (2 - 6).
3
What is the value of 15 + -11 + (-4 - (-3 - (-1 - 3)))?
-1
What is the value of -7 + (5 - 6) + 2 + 0 + -2?
-8
What is the value of -12 + -1 + (-170 - -178)?
-5
What is the value of 11 - (1 + -3 + 7 + 2 + -1)?
5
Evaluate -2 - -9 - (8 - 4).
3
What is (9 - 1 - (62 - 63) - 35) + 7?
-19
What is the value of -32 + 11 + 10 + 24?
13
Calculate -16 + (-4 - -19) + 8 - (2 + 2).
3
Calculate (21 - (16 - 5)) + 10 + -11.
9
What is the value of (-5 - (-5 - -5)) + 7?
2
What is -19 + (17 - -27 - 19)?
6
What is the value of 32 - ((-47 - -71) + (-11 - 1))?
20
Calculate -8 + -1 + -73 + 95 + (-22 - -1).
-8
-15 - ((-15 - -11) + -12)
1
Evaluate (-2 + -3 - -1 - 6) + 7 + -9.
-12
Evaluate -21 + (24 - (16 + 8)).
-21
What is the value of 17 + (-29 - (4 - 21))?
5
What is the value of -1 + -12 + 5 - (4 - (18 + -8))?
-2
1 + 24 - (57 + -16)
-16
Calculate -29 + (17 - 26 - -21).
-17
Calculate (32 - (19 + 7)) + -28.
-22
What is the value of -10 + (12 + -21 - -30) + -2?
9
-87 + 88 + (2 - 9) + 3 + -19
-22
What is 0 + (13 - 15) - (-16 - 1)?
15
0 + -3 + 1 - 5 - (-28 - -23)
-2
Evaluate (22 - 13) + -15 - -13.
7
Calculate 3 - (2 + 23) - ((5 - 9) + -2).
-16
What is 33 + (-6 - (4 + 1 + (4 - 5)))?
23
What is the value of (-21 - 3) + -12 + 24?
-12
Calculate 55 + -3 - (-28 - -56).
24
Calculate -14 - ((3 - 34) + 11).
6
Evaluate (0 - (0 - -15)) + 25 + -24 + 2.
-12
Evaluate (-1 - -6 - -9) + (-8 + -2 - -8).
12
What is the value of -14 + 29 + 16 + -30?
1
What is the value of 3 + -48 + 21 + 21?
-3
Evaluate (14 + -25 - 11) + 4.
-18
What is 0 + 1 + -9 + -33 + 38 + 6?
3
Evaluate 3 - (0 + (12 - 8) + -3).
2
What is -15 + -1 - (-113 + 134 + -62)?
25
Evaluate (-10 - (10 - (-12 + 3))) + 4.
-25
(1 - -2) + 5 - (-84 - -104)
-12
Evaluate (10 - -1) + -5 + (-20 - (5 - 15)).
-4
Calculate 16 + -6 - (28 - 23).
5
Calculate -3 + -1 + 0 + (1 - 6 - -1).
-8
Evaluate (10 - (-23 - -12)) + (4 - 5).
20
What is -5 - (-4 - (3 - (0 - (-8 + 6))))?
0
What is -35 + 31 - ((1 - 0) + -3)?
-2
0 + -11 - (1 - 16 - -7 - 0)
-3
What is (-1 - 14 - -15) + (-2 + 2 - -5)?
5
Evaluate 3 - (8 - (5 - -15)).
15
Evaluate -5 - (-3 + -14 + 3) - 7 - -4.
6
What is the value of (0 - -15) + -303 + 255?
-33
What is 0 + 36 - (25 - (22 + -2))?
31
What is the value of 4 - ((-3 - -1) + 6 + 0 + -6)?
6
What is (-5 - 2 - (-2 + -9)) + 1 + -12?
-7
What is 39 + -3 + (-57 - 19)?
-40
Evaluate (-1 + 3 - (-3 - -14 - 3)) + 11.
5
-3 + -9 + (14 - 12) + (20 - 0)
10
(4 - 4) + 3 + 4 - (9 + -8)
6
2 + -19 - (-11 - (14 - 28))
-20
What is -9 + (1 - (8 + 4 + -13))?
-7
Evaluate -2 + 38 + -12 - 2.
22
What is the value of -21 + (11 - 1 - -5)?
-6
What is 17 + -8 - (56 + -27)?
-20
Evaluate -7 - (-1 + -7) - 12.
-11
What is the value of (1 - -16) + (3 - (4 - -3))?
13
Evaluate 52 + 45 + -89 - (15 - -1).
-8
Calculate 13 - 11 - (4 - (2 - 6)).
-6
(-3 - (-9 - (2 + -3))) + 157 + -165
-3
What is -1 + 21 - ((-57 - -158) + -110)?
29
What is the value of -12 - (-2 - (10 + 9 + 14))?
23
What is 19 + -3 - (-2 + 17)?
1
Evaluate 